{"id":30,"date":"2023-10-13T15:01:48","date_gmt":"2023-10-13T15:01:48","guid":{"rendered":"https:\/\/csfsnet.vip\/?page_id=30"},"modified":"2024-12-09T10:57:59","modified_gmt":"2024-12-09T13:57:59","slug":"planos-revenda-cs-iptv-e-p2p","status":"publish","type":"page","link":"https:\/\/csfsnet.vip\/index.php\/planos-revenda-cs-iptv-e-p2p\/","title":{"rendered":"Planos Revendas"},"content":{"rendered":"<h1>Planos Revenda CS IPTV e P2P<\/h1>\n<h2 style=\"text-align: center;\">Solicite<strong> J\u00e1 Pelo WHATSAPP: <a href=\"https:\/\/wa.me\/message\/VGFVVKDINL2HM1\">(45)92000-7501<\/a><\/strong><\/h2>\n<p style=\"text-align: center;\"><img loading=\"lazy\" decoding=\"async\" class=\"alignnone wp-image-44 size-medium\" src=\"https:\/\/csfsnet.vip\/wp-content\/uploads\/2023\/10\/fabio-banner-antigo-300x78.png\" alt=\"\" width=\"300\" height=\"78\" srcset=\"https:\/\/csfsnet.vip\/wp-content\/uploads\/2023\/10\/fabio-banner-antigo-300x78.png 300w, https:\/\/csfsnet.vip\/wp-content\/uploads\/2023\/10\/fabio-banner-antigo-768x201.png 768w, https:\/\/csfsnet.vip\/wp-content\/uploads\/2023\/10\/fabio-banner-antigo.png 960w\" sizes=\"auto, (max-width: 300px) 100vw, 300px\" \/><\/p>\n<h3 style=\"text-align: center;\"><\/h3>\n<h1>Planos Revenda CS IPTV e P2P<\/h1>\n<h3 style=\"text-align: center;\"><strong>ASSINE PAINEL DE REVENDA SAT\u00c9LITE E GANHE O PAINEL DE REVENDA IPTV OU P2P TOTALMENTE GR\u00c1TIS, somente ir\u00e1 pagar os cr\u00e9ditos que voc\u00ea adicionar.<\/strong><\/h3>\n<p style=\"text-align: center;\"><strong>\u00a0 \u00a0 \u00a0 \u00a0 \u00a0 \u00a0<\/strong><\/p>\n<h3 style=\"text-align: center;\"><strong>Valor do cr\u00e9dito de <a href=\"https:\/\/csfsnet.vip\/index.php\/teste-cs\/\">P2P<\/a>:<\/strong><\/h3>\n<p style=\"text-align: center;\"><strong>R$ 9,00<\/strong> por cr\u00e9dito. <strong>(Temos desconto por cr\u00e9dito, para quem \u00e9 revenda cs, acima de 20 clientes cs).<\/strong><\/p>\n<p style=\"text-align: center;\"><strong>\u00a0 \u00a0 \u00a0 <\/strong><\/p>\n<div style=\"text-align: center;\">\n<h3><strong>Valor do cr\u00e9dito de <a href=\"https:\/\/csfsnet.vip\/\">IPTV<\/a>:<\/strong><\/h3>\n<p><strong>R$ 8,00<\/strong> por cr\u00e9dito. <strong>(Temos desconto por cr\u00e9dito, para quem \u00e9 revenda cs, acima de 20 clientes cs).<\/strong><\/p>\n<p>&nbsp;<\/p>\n<div>\n<div>\n<h3><strong>Valor por login sat\u00e9lite:<\/strong><\/h3>\n<div dir=\"ltr\"><strong>R$ 7,00<\/strong> reais por login cadastrado.<\/div>\n<div dir=\"ltr\"><\/div>\n<\/div>\n<\/div>\n<\/div>\n<div dir=\"ltr\" style=\"text-align: center;\"><\/div>\n<div>\n<div style=\"text-align: center;\">\n<div dir=\"ltr\"><\/div>\n<div dir=\"ltr\"><\/div>\n<div dir=\"ltr\"><\/div>\n<div dir=\"ltr\">O vencimento de seu painel vai ser sempre <strong>dia 10 de cada m\u00eas<\/strong>.<\/div>\n<div dir=\"ltr\">No Dia de vencimento do seu painel \u00e9 somado o total de logins <strong>CADASTRADOS<\/strong> em seu painel e enviado uma notifica\u00e7\u00e3o em seu <strong>WhatsApp<\/strong> com as contas e valor para pagamento. N\u00c3O PODEM SER FEITOS PAGAMENTOS SEM O CONTATO DA EMPRESA.<\/div>\n<div dir=\"ltr\"><\/div>\n<div dir=\"ltr\"><\/div>\n<div dir=\"ltr\"><strong>Conhe\u00e7a abaixo algumas op\u00e7\u00f5es DISPON\u00cdVEIS NO PAINEL da revenda:<\/strong><\/div>\n<div dir=\"ltr\"><\/div>\n<div dir=\"ltr\">Cadastrar cliente.<\/div>\n<div dir=\"ltr\">Excluir cliente.<\/div>\n<div dir=\"ltr\">Editar cliente.<\/div>\n<div dir=\"ltr\">Criar testes ilimitados gr\u00e1tis<\/div>\n<div>Gerador de teste autom\u00e1tico.<\/div>\n<div>Ver usu\u00e1rios online.<\/div>\n<div dir=\"ltr\"><\/div>\n<div dir=\"ltr\"><\/div>\n<div dir=\"ltr\"><strong>Como funciona o Painel de revenda?<\/strong><\/div>\n<div dir=\"ltr\">O painel de revenda funciona totalmente online, voc\u00ea s\u00f3 precisa de um computador ou notebook com acesso a internet para ter acesso ao painel e cadastrar os seus clientes!<\/div>\n<div dir=\"ltr\"><\/div>\n<div dir=\"ltr\"><\/div>\n<div dir=\"ltr\"><strong>Trabalhamos com as seguintes operadoras no painel:<\/strong><\/div>\n<div dir=\"ltr\"><strong>Claro SD\/HD <\/strong>(HD Alguns Modelos de Receptores)<strong><br \/>\n<\/strong><\/div>\n<div dir=\"ltr\"><strong>AL\u00c9M DE IPTV e P2P<br \/>\n<\/strong><\/div>\n<div dir=\"ltr\"><\/div>\n<\/div>\n<div style=\"text-align: center;\">Caso tenha alguma d\u00favida por favor, entre em contato pelo WhatsApp <a href=\"https:\/\/wa.me\/message\/VGFVVKDINL2HM1\"><strong>(45)92000-7501<\/strong><\/a><\/div>\n<div style=\"text-align: center;\"><\/div>\n<div style=\"text-align: center;\">ATENDIMENTO PARA REVENDAS, DAS 06:00 \u00e1s 12:00 e das 13:00 \u00e1s 20:00 de Segunda-Feira \u00e1 Sexta-Feira.<\/div>\n<div style=\"text-align: center;\">S\u00e1bado, Domingos e Feriados, das 06:00 \u00e1s 10:00.<\/div>\n<\/div>\n","protected":false},"excerpt":{"rendered":"<p>Planos Revenda CS IPTV e P2P Solicite J\u00e1 Pelo WHATSAPP: (45)92000-7501 Planos Revenda CS IPTV e P2P ASSINE PAINEL DE REVENDA SAT\u00c9LITE E GANHE O PAINEL DE REVENDA IPTV OU P2P TOTALMENTE GR\u00c1TIS, somente ir\u00e1 pagar os cr\u00e9ditos que voc\u00ea adicionar. \u00a0 \u00a0 \u00a0 \u00a0 \u00a0 \u00a0 Valor do cr\u00e9dito de P2P: R$ 9,00 por [&hellip;]<\/p>\n","protected":false},"author":1,"featured_media":0,"parent":0,"menu_order":0,"comment_status":"closed","ping_status":"closed","template":"","meta":{"footnotes":""},"class_list":["post-30","page","type-page","status-publish","hentry"],"yoast_head":"<!-- This site is optimized with the Yoast SEO plugin v26.5 - https:\/\/yoast.com\/wordpress\/plugins\/seo\/ -->\n<title>Planos Revenda CS IPTV e P2P<\/title>\n<meta name=\"description\" content=\"Planos Revenda CS IPTV e P2P. Seja voc\u00ea tamb\u00e9m nosso revendedor cs, iptv ou p2p. Plano ideal para voce iniciante.\" \/>\n<meta name=\"robots\" content=\"index, follow, max-snippet:-1, max-image-preview:large, max-video-preview:-1\" \/>\n<link rel=\"canonical\" href=\"https:\/\/csfsnet.vip\/index.php\/planos-revenda-cs-iptv-e-p2p\/\" \/>\n<meta property=\"og:locale\" content=\"pt_BR\" \/>\n<meta property=\"og:type\" content=\"article\" \/>\n<meta property=\"og:title\" content=\"Planos Revenda CS IPTV e P2P\" \/>\n<meta property=\"og:description\" content=\"Planos Revenda CS IPTV e P2P. Seja voc\u00ea tamb\u00e9m nosso revendedor cs, iptv ou p2p. Plano ideal para voce iniciante.\" \/>\n<meta property=\"og:url\" content=\"https:\/\/csfsnet.vip\/index.php\/planos-revenda-cs-iptv-e-p2p\/\" \/>\n<meta property=\"og:site_name\" content=\"Cs Fsnet\" \/>\n<meta property=\"article:modified_time\" content=\"2024-12-09T13:57:59+00:00\" \/>\n<meta property=\"og:image\" content=\"https:\/\/csfsnet.vip\/wp-content\/uploads\/2023\/10\/fabio-banner-antigo.png\" \/>\n\t<meta property=\"og:image:width\" content=\"960\" \/>\n\t<meta property=\"og:image:height\" content=\"251\" \/>\n\t<meta property=\"og:image:type\" content=\"image\/png\" \/>\n<meta name=\"twitter:card\" content=\"summary_large_image\" \/>\n<meta name=\"twitter:label1\" content=\"Est. tempo de leitura\" \/>\n\t<meta name=\"twitter:data1\" content=\"2 minutos\" \/>\n<script type=\"application\/ld+json\" class=\"yoast-schema-graph\">{\"@context\":\"https:\/\/schema.org\",\"@graph\":[{\"@type\":\"WebPage\",\"@id\":\"https:\/\/csfsnet.vip\/index.php\/planos-revenda-cs-iptv-e-p2p\/\",\"url\":\"https:\/\/csfsnet.vip\/index.php\/planos-revenda-cs-iptv-e-p2p\/\",\"name\":\"Planos Revenda CS IPTV e P2P\",\"isPartOf\":{\"@id\":\"https:\/\/csfsnet.vip\/#website\"},\"primaryImageOfPage\":{\"@id\":\"https:\/\/csfsnet.vip\/index.php\/planos-revenda-cs-iptv-e-p2p\/#primaryimage\"},\"image\":{\"@id\":\"https:\/\/csfsnet.vip\/index.php\/planos-revenda-cs-iptv-e-p2p\/#primaryimage\"},\"thumbnailUrl\":\"https:\/\/csfsnet.vip\/wp-content\/uploads\/2023\/10\/fabio-banner-antigo-300x78.png\",\"datePublished\":\"2023-10-13T15:01:48+00:00\",\"dateModified\":\"2024-12-09T13:57:59+00:00\",\"description\":\"Planos Revenda CS IPTV e P2P. Seja voc\u00ea tamb\u00e9m nosso revendedor cs, iptv ou p2p. Plano ideal para voce iniciante.\",\"breadcrumb\":{\"@id\":\"https:\/\/csfsnet.vip\/index.php\/planos-revenda-cs-iptv-e-p2p\/#breadcrumb\"},\"inLanguage\":\"pt-BR\",\"potentialAction\":[{\"@type\":\"ReadAction\",\"target\":[\"https:\/\/csfsnet.vip\/index.php\/planos-revenda-cs-iptv-e-p2p\/\"]}]},{\"@type\":\"ImageObject\",\"inLanguage\":\"pt-BR\",\"@id\":\"https:\/\/csfsnet.vip\/index.php\/planos-revenda-cs-iptv-e-p2p\/#primaryimage\",\"url\":\"https:\/\/csfsnet.vip\/wp-content\/uploads\/2023\/10\/fabio-banner-antigo.png\",\"contentUrl\":\"https:\/\/csfsnet.vip\/wp-content\/uploads\/2023\/10\/fabio-banner-antigo.png\",\"width\":960,\"height\":251},{\"@type\":\"BreadcrumbList\",\"@id\":\"https:\/\/csfsnet.vip\/index.php\/planos-revenda-cs-iptv-e-p2p\/#breadcrumb\",\"itemListElement\":[{\"@type\":\"ListItem\",\"position\":1,\"name\":\"In\u00edcio\",\"item\":\"https:\/\/csfsnet.vip\/\"},{\"@type\":\"ListItem\",\"position\":2,\"name\":\"Planos Revendas\"}]},{\"@type\":\"WebSite\",\"@id\":\"https:\/\/csfsnet.vip\/#website\",\"url\":\"https:\/\/csfsnet.vip\/\",\"name\":\"Cs Fsnet\",\"description\":\"CS Claro, SKY, Streaming, VOD\",\"publisher\":{\"@id\":\"https:\/\/csfsnet.vip\/#organization\"},\"potentialAction\":[{\"@type\":\"SearchAction\",\"target\":{\"@type\":\"EntryPoint\",\"urlTemplate\":\"https:\/\/csfsnet.vip\/?s={search_term_string}\"},\"query-input\":{\"@type\":\"PropertyValueSpecification\",\"valueRequired\":true,\"valueName\":\"search_term_string\"}}],\"inLanguage\":\"pt-BR\"},{\"@type\":\"Organization\",\"@id\":\"https:\/\/csfsnet.vip\/#organization\",\"name\":\"Cs Fsnet\",\"url\":\"https:\/\/csfsnet.vip\/\",\"logo\":{\"@type\":\"ImageObject\",\"inLanguage\":\"pt-BR\",\"@id\":\"https:\/\/csfsnet.vip\/#\/schema\/logo\/image\/\",\"url\":\"https:\/\/csfsnet.vip\/wp-content\/uploads\/2023\/10\/logo-totalcs-FSNET.png\",\"contentUrl\":\"https:\/\/csfsnet.vip\/wp-content\/uploads\/2023\/10\/logo-totalcs-FSNET.png\",\"width\":300,\"height\":93,\"caption\":\"Cs Fsnet\"},\"image\":{\"@id\":\"https:\/\/csfsnet.vip\/#\/schema\/logo\/image\/\"}}]}<\/script>\n<!-- \/ Yoast SEO plugin. -->","yoast_head_json":{"title":"Planos Revenda CS IPTV e P2P","description":"Planos Revenda CS IPTV e P2P. Seja voc\u00ea tamb\u00e9m nosso revendedor cs, iptv ou p2p. Plano ideal para voce iniciante.","robots":{"index":"index","follow":"follow","max-snippet":"max-snippet:-1","max-image-preview":"max-image-preview:large","max-video-preview":"max-video-preview:-1"},"canonical":"https:\/\/csfsnet.vip\/index.php\/planos-revenda-cs-iptv-e-p2p\/","og_locale":"pt_BR","og_type":"article","og_title":"Planos Revenda CS IPTV e P2P","og_description":"Planos Revenda CS IPTV e P2P. Seja voc\u00ea tamb\u00e9m nosso revendedor cs, iptv ou p2p. Plano ideal para voce iniciante.","og_url":"https:\/\/csfsnet.vip\/index.php\/planos-revenda-cs-iptv-e-p2p\/","og_site_name":"Cs Fsnet","article_modified_time":"2024-12-09T13:57:59+00:00","og_image":[{"width":960,"height":251,"url":"https:\/\/csfsnet.vip\/wp-content\/uploads\/2023\/10\/fabio-banner-antigo.png","type":"image\/png"}],"twitter_card":"summary_large_image","twitter_misc":{"Est. tempo de leitura":"2 minutos"},"schema":{"@context":"https:\/\/schema.org","@graph":[{"@type":"WebPage","@id":"https:\/\/csfsnet.vip\/index.php\/planos-revenda-cs-iptv-e-p2p\/","url":"https:\/\/csfsnet.vip\/index.php\/planos-revenda-cs-iptv-e-p2p\/","name":"Planos Revenda CS IPTV e P2P","isPartOf":{"@id":"https:\/\/csfsnet.vip\/#website"},"primaryImageOfPage":{"@id":"https:\/\/csfsnet.vip\/index.php\/planos-revenda-cs-iptv-e-p2p\/#primaryimage"},"image":{"@id":"https:\/\/csfsnet.vip\/index.php\/planos-revenda-cs-iptv-e-p2p\/#primaryimage"},"thumbnailUrl":"https:\/\/csfsnet.vip\/wp-content\/uploads\/2023\/10\/fabio-banner-antigo-300x78.png","datePublished":"2023-10-13T15:01:48+00:00","dateModified":"2024-12-09T13:57:59+00:00","description":"Planos Revenda CS IPTV e P2P. Seja voc\u00ea tamb\u00e9m nosso revendedor cs, iptv ou p2p. Plano ideal para voce iniciante.","breadcrumb":{"@id":"https:\/\/csfsnet.vip\/index.php\/planos-revenda-cs-iptv-e-p2p\/#breadcrumb"},"inLanguage":"pt-BR","potentialAction":[{"@type":"ReadAction","target":["https:\/\/csfsnet.vip\/index.php\/planos-revenda-cs-iptv-e-p2p\/"]}]},{"@type":"ImageObject","inLanguage":"pt-BR","@id":"https:\/\/csfsnet.vip\/index.php\/planos-revenda-cs-iptv-e-p2p\/#primaryimage","url":"https:\/\/csfsnet.vip\/wp-content\/uploads\/2023\/10\/fabio-banner-antigo.png","contentUrl":"https:\/\/csfsnet.vip\/wp-content\/uploads\/2023\/10\/fabio-banner-antigo.png","width":960,"height":251},{"@type":"BreadcrumbList","@id":"https:\/\/csfsnet.vip\/index.php\/planos-revenda-cs-iptv-e-p2p\/#breadcrumb","itemListElement":[{"@type":"ListItem","position":1,"name":"In\u00edcio","item":"https:\/\/csfsnet.vip\/"},{"@type":"ListItem","position":2,"name":"Planos Revendas"}]},{"@type":"WebSite","@id":"https:\/\/csfsnet.vip\/#website","url":"https:\/\/csfsnet.vip\/","name":"Cs Fsnet","description":"CS Claro, SKY, Streaming, VOD","publisher":{"@id":"https:\/\/csfsnet.vip\/#organization"},"potentialAction":[{"@type":"SearchAction","target":{"@type":"EntryPoint","urlTemplate":"https:\/\/csfsnet.vip\/?s={search_term_string}"},"query-input":{"@type":"PropertyValueSpecification","valueRequired":true,"valueName":"search_term_string"}}],"inLanguage":"pt-BR"},{"@type":"Organization","@id":"https:\/\/csfsnet.vip\/#organization","name":"Cs Fsnet","url":"https:\/\/csfsnet.vip\/","logo":{"@type":"ImageObject","inLanguage":"pt-BR","@id":"https:\/\/csfsnet.vip\/#\/schema\/logo\/image\/","url":"https:\/\/csfsnet.vip\/wp-content\/uploads\/2023\/10\/logo-totalcs-FSNET.png","contentUrl":"https:\/\/csfsnet.vip\/wp-content\/uploads\/2023\/10\/logo-totalcs-FSNET.png","width":300,"height":93,"caption":"Cs Fsnet"},"image":{"@id":"https:\/\/csfsnet.vip\/#\/schema\/logo\/image\/"}}]}},"_links":{"self":[{"href":"https:\/\/csfsnet.vip\/index.php\/wp-json\/wp\/v2\/pages\/30","targetHints":{"allow":["GET"]}}],"collection":[{"href":"https:\/\/csfsnet.vip\/index.php\/wp-json\/wp\/v2\/pages"}],"about":[{"href":"https:\/\/csfsnet.vip\/index.php\/wp-json\/wp\/v2\/types\/page"}],"author":[{"embeddable":true,"href":"https:\/\/csfsnet.vip\/index.php\/wp-json\/wp\/v2\/users\/1"}],"replies":[{"embeddable":true,"href":"https:\/\/csfsnet.vip\/index.php\/wp-json\/wp\/v2\/comments?post=30"}],"version-history":[{"count":6,"href":"https:\/\/csfsnet.vip\/index.php\/wp-json\/wp\/v2\/pages\/30\/revisions"}],"predecessor-version":[{"id":220,"href":"https:\/\/csfsnet.vip\/index.php\/wp-json\/wp\/v2\/pages\/30\/revisions\/220"}],"wp:attachment":[{"href":"https:\/\/csfsnet.vip\/index.php\/wp-json\/wp\/v2\/media?parent=30"}],"curies":[{"name":"wp","href":"https:\/\/api.w.org\/{rel}","templated":true}]}}